3. Give a(3).
20
Suppose -2*y = 0, 49 + 31 = 2*g - 4*y. Suppose -2*t = 2*t - g. Let p be t/(-40) - 11/4. Let b(a) = a + 6. Calculate b(p).
3
Let h(y) = -14*y + 8*y + 15*y. Suppose 0 = -s - 173 + 175. Calculate h(s).
18
Let c(j) = j**3 + 13*j**2 - 14*j - 18. Let d(t) = 2*t**3 + 8*t**2 + 6*t - 14. Let p be d(-3). Give c(p).
-18
Let k(i) = i**3 - 9*i**2 - i - 1. Let q be k(9). Let s(g) = 9*g + 67. Give s(q).
-23
Let z = -440 + 442. Let t(o) = -96*o**3 + o**2 - z + 2*o + 95*o**3 + 4. Calculate t(3).
-10
Let a = -337 - -345. Let y(s) = 3 + a*s - 3 + 26*s - s - 1. Calculate y(1).
32
Let s(d) be the second derivative of 16*d**3/3 - 135*d**2/2 - 8340*d. What is s(4)?
-7
Let t(w) = 2*w - 5. Let q = 9 - -1. Let n(l) be the third derivative of l**5/60 - 7*l**4/24 - 4*l**3 + 6*l**2. Let f be n(q). Determine t(f).
7
Let f = -110 - -173. Let v = f - 68. Let o(h) be the first derivative of h**3/3 + 5*h**2/2 - 29. Calculate o(v).
0
Suppose -9*s + 112 = 7*s. Let h(v) = 3*v**2 + v + 1. Let k(x) = -8*x**2 - 13*x + 2. Let g(o) = 3*h(o) + k(o). Give g(s).
-16
Let w = -286 - -289. Suppose 16*h - 21*h - 21 = 4*j, 16 = j - w*h. Let l(i) = -34*i + 1. Give l(j).
-33
Let x(j) = -6*j - 115. Suppose -12768*y - 86 = -12764*y - 2*q, -5*q - 55 = 5*y. Give x(y).
-7
Suppose 142 = -2*x - 22*x - 47*x. Let c(y) = -4*y**3 + y**2 + 2. What is c(x)?
38
Let h(m) = -m**3 + 2*m**2 - 4*m - 1. Suppose -21*f = 3*f - 216. Suppose -f*z + 66 = 13*z. Give h(z).
-22
Let w(b) = 12*b**3 + 38*b**2 - 29*b - 35. Let t(f) = -19*f**3 - 58*f**2 + 43*f + 53. Let n(d) = 5*t(d) + 8*w(d). What is n(-15)?
15
Let x(l) = l**3 + 10*l**2 + 9*l - 3. Let v = 46 - 172. Let p = 65 + v. Let s = 52 + p. Give x(s).
-3
Let u(w) be the second derivative of -37*w**4/12 + 3*w**3/2 + 2*w**2 + 2*w - 10. Let i(r) = 36*r**2 - 6*r - 3. Let x(d) = 3*i(d) + 2*u(d). Give x(-1).
33
Let g(p) = 5*p + 18. Let d be g(-2). Suppose -4*j - 18 = -3*m, -d*j = -7*j. Let b(n) = n**3 - 5*n**2 - 8*n + 7. Give b(m).
-5
Let y(q) be the second derivative of q**3/6 + 9*q**2/2 - 31*q. Let s be y(-7). Let b be (-24)/30*1*(-10)/s. Let u(n) = 5*n - 4. Calculate u(b).
16
Let h(p) = -6*p - 7. Let d(m) = m. Let y(o) = -5*d(o) - h(o). Suppose 535 = 8*u - 3*u - 2*q, -430 = -4*u + 2*q. Suppose 0 = 12*f + 3*f - u. Determine y(f).
14
Suppose 0 = 3*y + p - 16, -4*y + 11 = -2*p - 27. Suppose -3 = -2*i + 2*w + y, w = 4*i - 8. Let a(b) = 12*b - 1. Calculate a(i).
11
Let d(c) = -19*c - 16*c - 17*c + 50*c - 1 + c**2. Let j(a) = -4*a**2 + 4*a + 2. Let y(x) = 7*d(x) + 4*j(x). Determine y(-1).
-10
Suppose 0 = -9*s + 24 + 3. Suppose 3*m = -4*u + 7*u, -s*u = m + 8. Let k(z) = z**3 + 3*z**2 + 4*z + 3. What is k(m)?
-1
Let x(t) be the second derivative of -t**4/12 - t**3/3 - 74*t + 12. Let w = 7 + -4. Let j be (-3)/1*4/w. Give x(j).
-8
Let k(b) = -b**2 - 51*b - 7. Let u(c) = 6*c. Let q(v) = k(v) + 11*u(v). Determine q(9).
47
Let o(h) = h**2 - 10*h + 11. Let j(c) = 9*c**3 - 9*c**2 + 6*c - 14. Let s be j(4). Let t = s - 433. Calculate o(t).
2
Let x be 6*(0 - 4/6). Let n(y) = y**3 + 39649 + 7*y**2 - 79298 + 39646 + 4*y. Determine n(x).
29
Let d(l) = -12*l + 0*l + 114 - 91 - 18*l - 7*l**2. What is d(-5)?
-2
Suppose u = 3*s + 13, -4*u - 38 = 2*s - u. Let r(j) = j**3 + 8*j**2 + 6*j + 4. Give r(s).
11
Let i(z) = -13*z - 7. Suppose -3*l = -2*h + 6, 4*h + 51 - 71 = 8*l. Calculate i(h).
32
Let x(m) = -61*m - 137. Let o be x(-2). Let f(s) = 2*s**3 + 31*s**2 + 18*s + 40. Calculate f(o).
-5
Let v(z) = z - 2. Suppose 3*m = 4*b + 3, -4*m - 3*b + 23 = -6. Let a be (-32)/m - (-4)/10. Let j be v(a). Let h(d) = -d**2 - 10*d - 11. Calculate h(j).
5
Let x(n) = 27*n + 3. Let h(r) = 13*r. Let q(z) = 11*h(z) - 5*x(z). Calculate q(3).
9
Let v(b) = -11 + 966*b - 139*b**2 - 953*b + 140*b**2. Let g = 12 - 26. Determine v(g).
3
Let v(s) = -6*s + 15. Let j(c) = -10*c + 24. Let w(k) = -7*j(k) + 11*v(k). Give w(9).
33
Suppose 158*f - 35*f - 1230 = 0. Let w(v) = -v**2 + 9*v - 29. Determine w(f).
-39
Let m(b) = 3*b - 11. Let u(y) = -7*y + 28. Let l(q) = -5*m(q) - 2*u(q). Let n(x) = -x**2 - 4*x + 5*x - 2*x + 6*x - 2. Let w be n(3). Calculate l(w).
-5
Let x(b) = -b**2 - 6*b - 6. Let s(q) = q - 7. Let o be s(8). Suppose 4*y + o = -15. Calculate x(y).
2
Suppose -2*z - 7 = f, -4*z = 3*f + 24 - 3. Let a(g) = -g**3 + g**2 - 2. Let d(v) = -5*v**3 - 4*v**2 - 6*v - 6. Let j(o) = 4*a(o) - d(o). What is j(f)?
5
Let x(f) = -4*f**2 - f - 2. Let n(d) = 4*d**2 + 2*d + 3. Let y(p) = 2*n(p) + 3*x(p). Suppose -g - 5*a + a = -9, -2*a + 5 = g. Determine y(g).
-3
Let b(o) be the third derivative of o**7/840 + o**6/120 - o**5/24 - o**4/6 + 59*o**3/2 - 16*o**2. Let w(l) be the first derivative of b(l). Calculate w(-5).
-29
Let g(m) be the second derivative of m**4/12 - 17*m**3/6 + 13*m**2/2 - 57*m. Let d = 46 - 51. Let x(u) = u**2 - 9*u + 7. Let y(l) = d*x(l) + 3*g(l). Give y(-5).
-16
Let w = -189 - -185. Let p(l) = 2. Let k(h) = -h + 3. Let y(v) = w*p(v) + k(v). Determine y(-5).
0
Suppose -5*r - 3*j = -8*j + 5, -2*r + 4 = 4*j. Suppose 0 = 4*v - 2*u - 16, r = 4*v - 5*u - 32 + 4. Let b(c) = 3*c**2 + 102*c - 2*c**v - 108*c + 7. Give b(6).
7
Let k(o) be the second derivative of -4*o**3/3 + 7*o**2 + 16*o - 13. Give k(0).
14
Let w(j) = j**2 - 4*j - 8. Let g be -97 - (-25)/(-15)*3. Let o = -96 - g. Determine w(o).
4
Suppose -770 = m - 6*m. Let y = 151 - m. Let x(v) = v - 3. Give x(y).
-6
Let h(d) = 153*d - 310. Let c be h(2). Let z(p) = p**3 + 3*p**2 + 5*p + 6. What is z(c)?
-30
Let z(b) = -2*b**2 + b + 4. Let g be (12/(-15))/(6 + 92/(-15)). Let r be -9 + g/((-12)/(-14)). What is z(r)?
-6
Let o be (-4)/7 + (-60)/(-105). Suppose -4*m = a + 37, o = m + a - 1 + 14. Let q(j) = -j**2 - 6*j + 11. What is q(m)?
-5
Let s(r) = -1469 + 1550 + 220*r - 226*r. Determine s(10).
21
Let i be (-2700)/850 + 3/17. Let l(h) be the second derivative of h**3/6 - h**2/2 + h. Determine l(i).
-4
Suppose 0 = 26*l - 27*l + 1. Let x(d) = d**3 - 5*d**2 - 6*d + 3. Let c be x(6). Let f(z) = -l + z - 2*z + c + 2*z. Give f(-3).
-1
Let x(f) = 3*f + 1. Let l = 9 + 15. Suppose -q = -4*g - g + 33, 4*g - l = 2*q. Suppose 2*v = g*v + 5. What is x(v)?
-2
Suppose 478*y = 527*y - 294. Let q(s) = -s**3 + 4*s**2 - 7*s + 4. Calculate q(y).
-110
Let k(i) = i**3 + 5*i**2 - 15*i - 10. Suppose 0 = 9*u + 3927 - 3864. Determine k(u).
-3
Let y(p) = -p + 3. Let b(s) = -3*s + 9. Let r be 5/(-4 + -1) + 17. Suppose -3*m + 18 = -4*n, 3*n = n + 5*m - r. Let h(x) = n*b(x) + 8*y(x). What is h(6)?
3
Let l(u) = 108*u - 5 - 236*u + 91*u + 37 + 34. What is l(2)?
-8
Let y be (10 - 0)*4/5. Let p(i) = 5 - 432913*i**2 + i**3 - 22 + 432904*i**2 + 11*i. Let x be p(y). Let n(b) = -3*b + 10. What is n(x)?
-11
Let h(c) be the first derivative of c**4/12 - 5*c**3/6 + 2*c**2 - 17*c + 7. Let j(f) be the first derivative of h(f). Let q = 12 + -8. Calculate j(q).
0
Suppose 14 = -3*q - k, -4*q - k - 2*k - 27 = 0. Let v(o) = 2*o + 27. Let n(r) = -r - 12. Let m(w) = -7*n(w) - 3*v(w). Give m(q).
0
Let n(q) be the first derivative of 4*q**4 + q**3/3 - q**2/2 + 29. Let b = 35 - 30. Suppose b = 5*g - 0. Calculate n(g).
16
Let q(l) = -7*l**3 + 3*l**2 - l. Let w = -20415 + 20417. Calculate q(w).
-46
Let c(b) = b**2 - 3*b - 6. Let y be c(6). Suppose 3*g - y = -0*g. Let z(d) = d**2 - 2*d - 3. Give z(g).
5
Let l(i) be the second derivative of 23*i + 0 - 1/6*i**3 - 1/12*i**4 - 3/2*i**2. Determine l(-5).
-23
Let y(p) = -5*p - 35. Let s = -28106 - -28116. Calculate y(s).
-85
Let n(t) = t**3 - 2*t**2 - 3*t + 12. Let z(g) = -1 + 4 + 6 + 8 - 15. Let h(q) = -n(q) + 6*z(q). Give h(-2).
10
Suppose -4*l = -20, -6*y - 2*l + 82 = 2*y. Let t(m) = -15*m + 46. What is t(y)?
-89
Let n be ((-10)/(-8))/(-1*5/(-20)). Let u be -17 + 15 + n + 2. Let g(s) = -s**3 + 5*s**2 + s - 5. Calculate g(u).
0
Let v(l) = -13 + 3656*l - 9*l**2 - 1808*l - l**3 - 1837*l. Determine v(-10).
-23
Let f(t) = t**3 + 4*t**2 - t + 9. Suppose 4*o - 16 = -c, 4*o = 31*c - 27*c + 36. Calculate f(c).
13
Let g(m) = 2*m + 16. Let t be 78/(-52)*(-3 - ((-8)/(-6) + -5)). Give g(t).
14
Let r(w) be the third derivative of w**7/360 + w**6/360 + w**5/120 - w**4/24 + 2*w**3/3 - 44*w**2. Let h(i) be the second derivative of r(i). Give h(2).
33
Let i(s) = s**3 + 31*s**2 + 30*s - 5. Let t = 1458 + -1488. Determine i(t).
-5
Let d(o) = 10*o + 43. Suppose -14*c - 2*a + 1 = -17*c, -